{"id":3561,"date":"2024-09-09T02:22:32","date_gmt":"2024-09-09T00:22:32","guid":{"rendered":"https:\/\/nayehza.com\/?page_id=3561"},"modified":"2024-11-16T02:36:18","modified_gmt":"2024-11-16T01:36:18","slug":"e-reputation","status":"publish","type":"page","link":"https:\/\/nayehza.com\/index.php\/e-reputation\/","title":{"rendered":"Gestion de l&#8217;E-r\u00e9putation"},"content":{"rendered":"<div class=\"wpb-content-wrapper\"><p>[vc_row full_width=&#8221;stretch_row_content_no_spaces&#8221;][vc_column uniqid=&#8221;66de372d2222f&#8221;]<div class=\"split-screen-type2 split-screen-69f4743503480\"><div class=\"banner-social-buttons\"><div class=\"links\"><a href=\"#\" class=\"item\"><i class=\"fa fa-facebook\"><\/i> Facebook<\/a><a href=\"https:\/\/www.instagram.com\/nayehza.data\/\" class=\"item\"><i class=\"fa fa-instagram\"><\/i> Instagram<\/a><\/div><\/div><div class=\"items\"><div class=\"screen-item\"><div class=\"row\"><div class=\"item popup-gallery item-left col-12 col-sm-6 item-69f4743503541 black header-on-top\" style=\"\"><div class=\"image popup-item\"><img fetchpriority=\"high\" decoding=\"async\" width=\"520\" height=\"520\" src=\"https:\/\/nayehza.com\/wp-content\/uploads\/2024\/09\/0004.jpg\" class=\"attachment-large size-large\" alt=\"\" \/><\/div><\/div><div class=\"item popup-gallery item-right col-12 col-sm-6 item-69f4743503542 black header-on-bottom\" style=\"color: #FFFFFF;background-color: #000000;\"><div class=\"heading right\"><div><div class=\"num\">03<\/div><div class=\"text\"><div class=\"s\">Gestion et Nettoyage<\/div><div class=\"h\">E-R\u00e9putation<\/div><div class=\"d\">Reprenez le contr\u00f4le de votre image en ligne gr\u00e2ce \u00e0 nos solutions personnalis\u00e9es de gestion de l\u2019e-r\u00e9putation.Dans un monde o\u00f9 l'information voyage rapidement, un commentaire n\u00e9gatif, une publication compromettante ou une photo inappropri\u00e9e peut avoir des r\u00e9percussions durables sur votre vie personnelle ou professionnelle. Notre service de gestion d\u2019e-r\u00e9putation se concentre sur la suppression de contenu nuisible et la gestion proactive de votre image en ligne.<\/div><\/div><\/div><\/div><div class=\"button\"><a href=\"https:\/\/nayehza.com\/\" class=\"button-style1 permalink\" target=\"_self\">Retour<\/a><\/div><\/div><\/div><\/div><div class=\"screen-item\"><div class=\"row\"><div class=\"item popup-gallery item-left col-12 col-sm-6 item-69f4743503cd8 black header-on-top\" style=\"\"><div class=\"image popup-item\"><img decoding=\"async\" width=\"780\" height=\"1024\" src=\"https:\/\/nayehza.com\/wp-content\/uploads\/2024\/11\/E-reputation-780x1024.jpg\" class=\"attachment-large size-large\" alt=\"\" \/><\/div><\/div><div class=\"item popup-gallery item-right col-12 col-sm-6 item-69f4743503cd9 black header-on-bottom\" style=\"\"><div class=\"heading right\"><div><div class=\"text\"><div class=\"d\">Nous offrons deux principaux services :<\/p>\n<p>Audits de conformit\u00e9 RGPD : Nous analysons vos processus existants pour d\u00e9terminer si vous respectez les r\u00e8gles du RGPD, en identifiant les failles \u00e9ventuelles. Mise en conformit\u00e9 : Nous vous aidons \u00e0 impl\u00e9menter des politiques de gestion des donn\u00e9es, \u00e0 r\u00e9diger des chartes de confidentialit\u00e9, \u00e0 informer vos clients et employ\u00e9s sur leurs droits et \u00e0 g\u00e9rer les demandes d\u2019acc\u00e8s ou de suppression de donn\u00e9es.<\/p>\n<p>Formation : Nous proposons des sessions de formation pour vos employ\u00e9s afin de garantir qu\u2019ils comprennent leurs responsabilit\u00e9s en mati\u00e8re de protection des donn\u00e9es. Toutes nos recommandations et solutions sont conformes aux lois et directives \u00e9mises par l\u2019Autorit\u00e9 de Protection des Donn\u00e9es (APD) en Belgique, vous assurant une s\u00e9curit\u00e9 juridique et une conformit\u00e9 totale.<\/div><\/div><\/div><\/div><\/div><\/div><\/div><\/div><div class=\"pagination-dots\"><\/div><\/div>[\/vc_column][\/vc_row]<\/p>\n<\/div>","protected":false},"excerpt":{"rendered":"<p>[vc_row full_width=&#8221;stretch_row_content_no_spaces&#8221;][vc_column uniqid=&#8221;66de372d2222f&#8221;][\/vc_column][\/vc_row]<\/p>\n","protected":false},"author":1,"featured_media":0,"parent":0,"menu_order":0,"comment_status":"closed","ping_status":"closed","template":"template-landing.php","meta":{"_acf_changed":false,"footnotes":""},"class_list":["post-3561","page","type-page","status-publish","hentry"],"acf":[],"_links":{"self":[{"href":"https:\/\/nayehza.com\/index.php\/wp-json\/wp\/v2\/pages\/3561","targetHints":{"allow":["GET"]}}],"collection":[{"href":"https:\/\/nayehza.com\/index.php\/wp-json\/wp\/v2\/pages"}],"about":[{"href":"https:\/\/nayehza.com\/index.php\/wp-json\/wp\/v2\/types\/page"}],"author":[{"embeddable":true,"href":"https:\/\/nayehza.com\/index.php\/wp-json\/wp\/v2\/users\/1"}],"replies":[{"embeddable":true,"href":"https:\/\/nayehza.com\/index.php\/wp-json\/wp\/v2\/comments?post=3561"}],"version-history":[{"count":8,"href":"https:\/\/nayehza.com\/index.php\/wp-json\/wp\/v2\/pages\/3561\/revisions"}],"predecessor-version":[{"id":3701,"href":"https:\/\/nayehza.com\/index.php\/wp-json\/wp\/v2\/pages\/3561\/revisions\/3701"}],"wp:attachment":[{"href":"https:\/\/nayehza.com\/index.php\/wp-json\/wp\/v2\/media?parent=3561"}],"curies":[{"name":"wp","href":"https:\/\/api.w.org\/{rel}","templated":true}]}}