{"id":3704,"date":"2024-11-16T02:46:15","date_gmt":"2024-11-16T01:46:15","guid":{"rendered":"https:\/\/nayehza.com\/?page_id=3704"},"modified":"2024-12-09T03:08:53","modified_gmt":"2024-12-09T02:08:53","slug":"sweeping","status":"publish","type":"page","link":"https:\/\/nayehza.com\/index.php\/sweeping\/","title":{"rendered":"Sweeping"},"content":{"rendered":"<div class=\"wpb-content-wrapper\"><p>[vc_row full_width=&#8221;stretch_row_content_no_spaces&#8221;][vc_column uniqid=&#8221;66de372d2222f&#8221;]<div class=\"split-screen-type2 split-screen-69dea6d912344\"><div class=\"banner-social-buttons\"><div class=\"links\"><a href=\"#\" class=\"item\"><i class=\"fa fa-facebook\"><\/i> Facebook<\/a><a href=\"https:\/\/www.instagram.com\/nayehza.data\/\" class=\"item\"><i class=\"fa fa-instagram\"><\/i> Instagram<\/a><\/div><\/div><div class=\"items\"><div class=\"screen-item\"><div class=\"row\"><div class=\"item popup-gallery item-left col-12 col-sm-6 item-69dea6d9123e5 black header-on-top\" style=\"\"><div class=\"image popup-item\"><img fetchpriority=\"high\" decoding=\"async\" width=\"780\" height=\"1024\" src=\"https:\/\/nayehza.com\/wp-content\/uploads\/2024\/11\/Sweeping-780x1024.jpg\" class=\"attachment-large size-large\" alt=\"\" \/><\/div><\/div><div class=\"item popup-gallery item-right col-12 col-sm-6 item-69dea6d9123e6 black header-on-bottom\" style=\"color: #FFFFFF;background-color: #000000;\"><div class=\"heading right\"><div><div class=\"num\">01<\/div><div class=\"text\"><div class=\"s\">Technical Surveillance Countermeasures<\/div><div class=\"h\">Sweeping - TSCM<\/div><div class=\"d\">Prot\u00e9ger vos informations confidentielles dans un monde o\u00f9 la surveillance devient omnipr\u00e9sente.Les entreprises et les particuliers sont de plus en plus expos\u00e9s \u00e0 des menaces li\u00e9es \u00e0 la surveillance ill\u00e9gale. Que ce soit dans vos bureaux, salles de r\u00e9union, entrep\u00f4ts, r\u00e9sidences priv\u00e9es ou m\u00eame v\u00e9hicules, des dispositifs de surveillance comme des micros, des cam\u00e9ras cach\u00e9es ou des trackers GPS peuvent compromettre votre vie priv\u00e9e et la s\u00e9curit\u00e9 de vos informations. C\u2019est l\u00e0 que nos services de TSCM interviennent pour garantir votre tranquillit\u00e9 d\u2019esprit.Notre expertise en contre-surveillance nous permet de d\u00e9tecter et d\u2019\u00e9liminer toute forme de dispositif d\u2019\u00e9coute, qu'il soit actif ou passif. Nous utilisons des technologies avanc\u00e9es de balayage \u00e9lectronique et de d\u00e9tection des signaux, nous permettant d\u2019intervenir de mani\u00e8re pr\u00e9ventive ou r\u00e9active, apr\u00e8s des \u00e9v\u00e9nements potentiellement risqu\u00e9s tels qu\u2019un divorce, l\u2019achat d\u2019une nouvelle propri\u00e9t\u00e9, ou avant des r\u00e9unions strat\u00e9giques cruciales.<\/div><\/div><\/div><\/div><div class=\"button\"><a href=\"https:\/\/nayehza.com\/\" class=\"button-style1 permalink\" target=\"_self\">Retour<\/a><\/div><\/div><\/div><\/div><div class=\"screen-item\"><div class=\"row\"><div class=\"item popup-gallery item-left col-12 col-sm-6 item-69dea6d912850 black header-on-top\" style=\"\"><div class=\"image popup-item\"><img decoding=\"async\" width=\"1024\" height=\"1024\" src=\"https:\/\/nayehza.com\/wp-content\/uploads\/2024\/12\/WhatsApp-Image-2024-12-08-at-15.24.28.jpeg\" class=\"attachment-large size-large\" alt=\"\" \/><\/div><\/div><div class=\"item popup-gallery item-right col-12 col-sm-6 item-69dea6d912851 black header-on-bottom\" style=\"\"><div class=\"heading right\"><div><div class=\"text\"><div class=\"d\">Pourquoi faire appel \u00e0 nous ?<\/p>\n<p>Protection apr\u00e8s un divorce ou une s\u00e9paration conflictuelle : Garantissez que votre intimit\u00e9 ne soit pas compromise dans des moments sensibles.<\/p>\n<p>Apr\u00e8s un achat immobilier ou un changement de lieu : V\u00e9rifiez que les anciens occupants n\u2019aient laiss\u00e9 aucun dispositif de surveillance.<\/p>\n<p> S\u00e9curisation avant ou apr\u00e8s des r\u00e9unions strat\u00e9giques : Prot\u00e9gez les informations sensibles \u00e9chang\u00e9es durant des rencontres importantes avec vos collaborateurs ou partenaires.<\/p>\n<p> Pour r\u00e9pondre \u00e0 des doutes ou des soup\u00e7ons : Si vous suspectez d'\u00eatre surveill\u00e9, notre intervention vous fournira des preuves claires.<\/p>\n<p> Nous offrons des services de balayage unique ou r\u00e9guliers pour garantir que votre espace reste prot\u00e9g\u00e9 sur le long terme, assurant ainsi une surveillance continue et une r\u00e9vision de vos environnements professionnels et personnels.<\/div><\/div><\/div><\/div><\/div><\/div><\/div><\/div><div class=\"pagination-dots\"><\/div><\/div>[\/vc_column][\/vc_row]<\/p>\n<\/div>","protected":false},"excerpt":{"rendered":"<p>[vc_row full_width=&#8221;stretch_row_content_no_spaces&#8221;][vc_column uniqid=&#8221;66de372d2222f&#8221;][\/vc_column][\/vc_row]<\/p>\n","protected":false},"author":1,"featured_media":0,"parent":0,"menu_order":0,"comment_status":"closed","ping_status":"closed","template":"template-landing.php","meta":{"_acf_changed":false,"footnotes":""},"class_list":["post-3704","page","type-page","status-publish","hentry"],"acf":[],"_links":{"self":[{"href":"https:\/\/nayehza.com\/index.php\/wp-json\/wp\/v2\/pages\/3704","targetHints":{"allow":["GET"]}}],"collection":[{"href":"https:\/\/nayehza.com\/index.php\/wp-json\/wp\/v2\/pages"}],"about":[{"href":"https:\/\/nayehza.com\/index.php\/wp-json\/wp\/v2\/types\/page"}],"author":[{"embeddable":true,"href":"https:\/\/nayehza.com\/index.php\/wp-json\/wp\/v2\/users\/1"}],"replies":[{"embeddable":true,"href":"https:\/\/nayehza.com\/index.php\/wp-json\/wp\/v2\/comments?post=3704"}],"version-history":[{"count":9,"href":"https:\/\/nayehza.com\/index.php\/wp-json\/wp\/v2\/pages\/3704\/revisions"}],"predecessor-version":[{"id":3724,"href":"https:\/\/nayehza.com\/index.php\/wp-json\/wp\/v2\/pages\/3704\/revisions\/3724"}],"wp:attachment":[{"href":"https:\/\/nayehza.com\/index.php\/wp-json\/wp\/v2\/media?parent=3704"}],"curies":[{"name":"wp","href":"https:\/\/api.w.org\/{rel}","templated":true}]}}